+ c + 1. Suppose 5*t = -4*v - 20, 6*v - 5*t + 15 = 3*v. Let x(d) = -6*d**3 + 17*d**2 - 10*d + 12. Let k(l) = v*i(l) + x(l). Is k(12) prime?
True
Is 1228*(-5)/50*9080/(-16) prime?
False
Suppose 2*n = 4*a - 266, -4*n + 9*n - 2*a + 641 = 0. Let c = n - -123. Is (c/(-6))/((-20)/(-2460)) a prime number?
False
Suppose 169*z - 161*z - 152008 = 0. Is z composite?
False
Suppose 2*y = -5*r + 54, -3*y = -0*y + 2*r - 59. Suppose 8*v = -y*v + 27050. Is v a prime number?
False
Let n be (2/7 + 1334/2436)*12. Let g(k) be the third derivative of 13*k**4/2 - 19*k**3/6 - k**2. Is g(n) prime?
False
Let h(b) = 51*b - 5395. Is h(112) a composite number?
False
Suppose 10*t - t = 10161. Let z = 1213 + t. Suppose w + 2*o - 1171 = 0, 2*w + 2*o - z = -o. Is w composite?
False
Let f be (6/18)/(-1*3/9). Is (21703/(-33))/(f/3) prime?
True
Suppose -2505 = -2*r - 63. Let s = r - 228. Is s a prime number?
False
Suppose k = -3, 3*s + 3*k = s - 9. Suppose 2*d + 2*l + s*l - 112 = 0, 0 = 2*d - 3*l - 92. Suppose 2*p = 6*p - d. Is p composite?
False
Let v(n) = -4687*n + 217. Is v(-24) a composite number?
True
Suppose -4*x = 3*x + 14. Let i be (2 + x)/(-2) + 4. Suppose -f - 5*d = -2628, i*d - 4285 - 1001 = -2*f. Is f composite?
True
Suppose 0 = -16*v + 11*v - 5*q + 800040, -4*q - 160033 = -v. Is v composite?
True
Let f(a) = 3*a**2 + 3*a + 3. Let n be f(3). Suppose -5*d = 2*m - n, 2*m = -0*m - 2*d + 24. Suppose m*l - 3495 = 586. Is l prime?
False
Let x(h) = 7*h**3 + 10*h**2 - 22*h - 32. Let s(z) = -8*z**3 - 12*z**2 + 21*z + 32. Let q(r) = -6*s(r) - 7*x(r). Is q(-13) prime?
True
Let w = 354749 + -94800. Is w prime?
True
Suppose -b = -7002 - 2928. Suppose 0 = -34*l + 29*l + b. Suppose -5*j = -2*f - 1771, -556 + l = 4*j + 5*f. Is j composite?
True
Suppose 5 = 5*j + 2*f - 15, j - 4 = 4*f. Let v be -3*j/4 - -92. Suppose -a + v = -38. Is a a composite number?
False
Let o(t) = 1721*t - 180. Let k be o(10). Suppose -v = -l + k, 3*l + 3*v = 2*l + 17050. Is l a composite number?
True
Suppose 0 = i + 4 - 1. Let s be 2211/9 + i/(-9). Suppose 0 = -b + s - 25. Is b a composite number?
True
Let m(k) = k**2 - 10*k + 8. Let q be m(10). Suppose 0 = q*w - w - 42. Suppose -13*h + w*h = -7819. Is h a composite number?
False
Let w(q) = -3*q**2 - 12*q + 3. Let n be w(-4). Is 497523/26*2/n a prime number?
True
Suppose -2*f + 8 + 72 = 0. Suppose 3*c - c = f. Suppose -c - 526 = -6*o. Is o prime?
False
Let z be (-4 - (-4 - -2))*(-5 + 1). Suppose 0 = -o - 4*j + 1273, -12*o = -z*o - 2*j - 5092. Is o composite?
True
Suppose -173050 = -v + 3*b, -93*v + 5*b - 172994 = -94*v. Is v a composite number?
True
Let j(l) be the third derivative of 7*l**4/12 - 83*l**3/6 - 200*l**2. Is j(23) a composite number?
False
Let s(a) = 6*a**2 - 41*a - 5. Let i be s(7). Is (-92)/(-6)*123/i composite?
True
Suppose 3*d = 2*c + 2626117, d - 113*c - 875394 = -108*c. Is d composite?
True
Let a(p) = -318*p + 84. Let q be a(-6). Suppose 0 = 4*b - 4*y - q, 3*b - 814 = -3*y + 698. Is b composite?
True
Suppose -4*o + 200 = 4*o. Suppose o*k - 71528 = 133247. Is k prime?
True
Let v(i) = 2*i**2 + 158*i - 825. Let w be v(5). Let l be 48/(-9)*(-5790)/4. Suppose -w*r + 45535 = l. Is r a composite number?
False
Let n = -27 + 18. Let y(t) = 622 + t**2 - t**3 - 6*t - 609 - 10*t**2. Is y(n) prime?
True
Let k be (-1252)/(-6)*-3 - -6. Let l = k + 2281. Is l prime?
False
Suppose 2*t = 3*b - 10773, 3*t - 9063 = -2*b - 1868. Is b a composite number?
False
Let h = 413108 + -277497. Is h prime?
False
Suppose 0 = n - 47*i + 42*i + 6, 0 = -i + 2. Let f = 5255 + -1635. Suppose -n*m + f = -32. Is m composite?
True
Let w(h) = 35*h**2 - 517*h + 19. Is w(48) prime?
True
Suppose 81*k + 4*k = 749445. Is k composite?
True
Suppose 2*i - 6 = 6*u - 3*u, 4*u + 8 = 3*i. Suppose -38*y + 39*y - 1781 = i. Is y composite?
True
Suppose 0 = -881*z + 883*z - 4*n - 455718, 2*z + 5*n - 455763 = 0. Is z composite?
False
Let b(n) = -n**3 + 24*n**2 - 18*n + 27. Let w(t) = t**3 - 23*t**2 + 19*t - 26. Let i(p) = -2*b(p) - 3*w(p). Let z be i(20). Is (8/z)/((-2)/(-679)) prime?
False
Suppose 0 = -2*h + 5*c + 3, 2*h - h + 5 = -4*c. Let v be (-12)/h*2/(-4)*-1. Suppose 2*p - 312 = -v*p. Is p composite?
True
Suppose 0 = 5*h + 30 - 35. Let j(z) = -z - 4. Let p be j(h). Is (-2)/(-5) - (3 - (-1328)/p) a composite number?
False
Suppose -4*n = -93713 - 845427. Is n composite?
True
Let m = -35 - -175. Let b be (-5)/(m/(-8)) - 108/(-14). Is (1 + 1)*(-5 + 4196/b) a composite number?
False
Let l = 44196 - -10417. Is l a composite number?
True
Suppose 3650 = 5*m - 2*v, 17*m = 14*m - 5*v + 2159. Suppose -8*k + 14688 + m = 0. Is k prime?
False
Suppose 31*m - 78 = 33*m. Let c = m - -458. Is c prime?
True
Let m be ((-160)/50)/((-4)/30). Suppose 5*t = m + 1. Suppose -2*z = -6*z - t*c + 3933, 10 = 2*c. Is z prime?
True
Suppose -4*y - 2*z + 77365 = -59043, -4*y - z = -136406. Suppose -81*r + 79*r = -a + 11375, -3*a + y = 2*r. Is a a composite number?
False
Let q(f) = 340*f - 331*f + 3 - 14. Suppose 0*o = 3*w + 3*o - 33, -w - 4 = -2*o. Is q(w) prime?
True
Suppose -31648 = 4*q - 72317 - 243375. Is q prime?
True
Suppose 2*d - 4361 - 48589 = 4*f, 0 = 5*d + 3*f - 132271. Is d a composite number?
False
Suppose -5*c + 20 = 0, -t + 2*c = 3*c - 145. Let r = -137 + t. Suppose q - r = 0, 5*h - 4*q - 4243 = 6386. Is h a composite number?
False
Suppose 4*r = 8*j - 9*j - 23, -1 = -2*r - 3*j. Let a(x) be the third derivative of x**5/60 + x**4/6 + 7*x**3/3 + 8*x**2. Is a(r) composite?
True
Let z be 3/(-7) - 16652/(-14). Suppose -2*f = z - 5783. Suppose u = 2*l + 563, -4*u - 3*l = -2*l - f. Is u a composite number?
True
Let f(z) = -3*z - 2. Let r be f(-20). Suppose -53*p = -r*p + 18310. Is p a composite number?
True
Let b(m) = 29438*m**3 - 4*m**2 + 32*m - 65. Is b(2) a composite number?
True
Suppose 0 = -7*i + 102 + 73. Suppose -47 - 16 = -3*c. Suppose c*m - i*m + 8596 = 0. Is m composite?
True
Let s be (-4)/(-18) - (-6 - (-9280)/(-36)). Suppose 0 = 267*q - s*q - 123135. Is q a composite number?
True
Let k = -401 + -2129. Let f = 6199 + k. Is f a prime number?
False
Let u = 48 - 50. Let n be u/(30/(-65))*12/2. Is n/(-39)*13074/(-4) a composite number?
False
Let j(x) = x + 12. Let m(p) = -p. Let d(s) = -j(s) + 6*m(s). Let q be d(-5). Suppose 293 = -q*l + 24*l. Is l a composite number?
False
Suppose 0 = -56*h + 41*h + 309540. Suppose -5*y + y - 4*v = -h, y = -2*v + 5163. Is y composite?
True
Suppose 2515 = 4*s + o - 2740, 10 = -2*o. Suppose 15*y - 10*y = s. Let t = 1896 + y. Is t composite?
True
Let i(p) = 5*p**2 + 9*p - 2. Let o be i(-2). Is (-24)/18*-321 - 6 - o prime?
False
Let m be (6 - 2)*(4 + -8). Is 19624/12*2*(-12)/m a composite number?
True
Let f(w) = 15400*w + 521. Is f(9) prime?
True
Let j(v) = -v**3 - 24*v**2 - 95*v + 2. Let u be j(-19). Is (8254/(-6))/((-1)/(5 - u)) a composite number?
False
Is (-8)/10 + 0 - (13 + 3997334/(-55)) a prime number?
False
Let x = -51 - -41. Let o(f) = -210*f + 27. Is o(x) composite?
True
Suppose -425*n + 4*f - 112530 = -427*n, -3*n = -f - 168851. Is n a composite number?
True
Let o = 322391 - 180376. Is o a prime number?
False
Let l(z) = -3*z**2 + 87*z - 271. Is l(23) prime?
False
Suppose 22*y + 208 = 20*y. Let h = -79 - y. Suppose -12*a = -h*a + 43017. Is a a prime number?
False
Suppose -3*w + 2*y = -y - 510, -w = 3*y - 186. Suppose w*g - 160*g - 34426 = 0. Is g composite?
False
Suppose -28*r - 4680 = -32*r. Let z = 1363 + r. Is z composite?
True
Let l(r) = r + 0*r - r - r + 551 - 2*r**2. Is l(0) composite?
True
Let b(a) = 1617*a**2 + 2. Let h be b(-1). Let d = h - 1065. Is d composite?
True
Let q(m) be the second derivative of -m**5/20 - m**4/6 - m**3/3 - m**2 - 5*m. Let z be q(-2). Suppose -b - s = -1534, -z*s - 2*s - 1539 = -b. Is b composite?
True
Suppose 24*a = 25*a - 322. Suppose -a*p + 3835 = -317*p. Is p prime?
False
Suppose 10*a = -8*a + 3241998. Is a composite?
True
Let n(k) = -94*k + 545869. Is n(0) composite?
True
Let p(l) = 27*l**2 + 32*l + 21. Let h be -7*25/(-35) + -21. Is p(h) composite?
False
Suppose 166*c = 186*c - 594820. Is c a composite number?
False
Let u(k) = 2*k**2 + 44*k - 87. Let m be u(20). Suppose -1201 = -2*o + m. Is o a composite number?
True
Let f(d) = -d - 3*d**2 + 55*d**2 - 8 - 5 + d**2. Is f(-3) prime?
True
Suppose -5*u - 4*d + 725 = -1645, -2*u + 4*